71221
In base 8, what is -17646470 + -2?
-17646472
In base 14, what is 5 + -459841?
-45983a
In base 2, what is 101010111111101 + -11000111?
101010100110110
In base 8, what is 1534370 - 407?
1533761
In base 2, what is -100 + -11000111111000101011100?
-11000111111000101100000
In base 9, what is -106845 - -103?
-106742
In base 15, what is 151d3b39 - 0?
151d3b39
In base 13, what is -2 + 6b62a5?
6b62a3
In base 9, what is -1755 + -127?
-1883
In base 5, what is -1043 + 212324402?
212323304
In base 8, what is 4136 + 127426?
133564
In base 9, what is -32874 + -4704?
-37678
In base 8, what is 3 + 1311026206?
1311026211
In base 15, what is -95e4ab + -31?
-95e4dc
In base 12, what is -34 - -159973?
15993b
In base 12, what is 0 + b18431?
b18431
In base 11, what is -a716006 + -2?
-a716008
In base 4, what is -3020301022 - 0?
-3020301022
In base 7, what is 3666 + -116244?
-112245
In base 8, what is 3637623 - -153?
3637776
In base 2, what is 1111111100010000 - 10100010101100?
1101011001100100
In base 12, what is 0 - -2627b97?
2627b97
In base 13, what is -57 - -163860?
163806
In base 16, what is 6c54 - 1cbf?
4f95
In base 15, what is 1c6e1b + -27?
1c6de4
In base 4, what is 3 - -112012222203?
112012222212
In base 10, what is 7162185 + -1?
7162184
In base 2, what is 11100 + -10110110111110011100?
-10110110111110000000
In base 7, what is -234 + 3612?
3345
In base 11, what is -63 - -130735?
130682
In base 3, what is 1022120201201 - -12?
1022120201220
In base 3, what is 121022112212200 - -2002?
121022112221202
In base 13, what is -4b40bc00 + -3?
-4b40bc03
In base 10, what is -95 + -739056?
-739151
In base 2, what is 1001100011100001011000 - 11111111?
1001100011011101011001
In base 7, what is 0 - -522666121?
522666121
In base 12, what is -11472a4 - a?
-11472b2
In base 4, what is 11310 + 10130132?
10202102
In base 10, what is 847810 + 12?
847822
In base 5, what is -1011 - -3001232?
3000221
In base 2, what is 101010100110 - -10111100001100001?
11000001100000111
In base 2, what is -110100100000111 - -11110110010010?
-10101101110101
In base 14, what is 7 - 7bb637?
-7bb630
In base 16, what is e0 - -27ba28?
27bb08
In base 2, what is 1111100010001 + -1100111000?
1101111011001
In base 9, what is -51070 + 300?
-50670
In base 4, what is 123311133002 + -3?
123311132333
In base 9, what is -214 - 122803?
-123117
In base 12, what is 208b553a + -2?
208b5538
In base 7, what is 13111 + 22021?
35132
In base 3, what is -1102001111202201 - 220?
-1102001111210121
In base 16, what is f7d7 + 8?
f7df
In base 3, what is -1200100111211110 - -1001?
-1200100111210102
In base 5, what is 23000 + -203120?
-130120
In base 6, what is -142250 + 111?
-142135
In base 9, what is 335373 + -2?
335371
In base 16, what is -82b4 + -33?
-82e7
In base 4, what is 3201 + 23312023?
23321230
In base 7, what is 54 + -624255?
-624201
In base 7, what is 33523400363 - -1?
33523400364
In base 13, what is b - -662cc1c?
662cc2a
In base 13, what is 307 - -1684b?
16b55
In base 5, what is -12102420231 + -4?
-12102420240
In base 9, what is 363704 - 6?
363687
In base 14, what is bc5 - -48?
c2d
In base 5, what is -402112322111 + -2?
-402112322113
In base 5, what is 101442240 - 1?
101442234
In base 16, what is -fc3e6eb + 2?
-fc3e6e9
In base 11, what is -13342 + 568?
-12885
In base 4, what is -331221 - -22?
-331133
In base 2, what is -10111111000011001 + -110010?
-10111111001001011
In base 9, what is 65 - 16085?
-16020
In base 5, what is -302413 + -324?
-303242
In base 9, what is -718 - 81212?
-82031
In base 11, what is 108335568 - 2?
108335566
In base 4, what is 13 + -3122110302202?
-3122110302123
In base 6, what is -11 - -3125245510?
3125245455
In base 10, what is 14 + 1958196?
1958210
In base 14, what is -3ab9 + -432?
-410b
In base 15, what is -6c854d6 - 4?
-6c854da
In base 16, what is 1 + -f7aff2?
-f7aff1
In base 4, what is -3120113123 + -13?
-3120113202
In base 2, what is 1010010101010011101110 - -100101?
1010010101010100010011
In base 11, what is 115a9 - 7a?
1152a
In base 12, what is -340a39 + -18?
-340a55
In base 3, what is -2011010211221202 - -1?
-2011010211221201
In base 14, what is -7037 + -700?
-7737
In base 7, what is -22011 + -646115?
-1001126
In base 13, what is 2 + 132c675?
132c677
In base 7, what is 14026206 - 45?
14026131
In base 7, what is -1124550643 - -12?
-1124550631
In base 16, what is 31f65 - -25?
31f8a
In base 3, what is 10121100002 + 10011?
10121110020
In base 15, what is 5 + 7d5ccb?
7d5cd1
In base 10, what is 6055 - 4286?
1769
In base 9, what is -55003 + 116?
-54776
In base 12, what is 10b - 88baa?
-88a9b
In base 11, what is -18810240 - -3?
-18810238
In base 13, what is -2ab5 + 97?
-2a1b
In base 14, what is -166 + 55c013?
55bc8b
In base 9, what is -1 + -344020333?
-344020334
In base 11, what is -2391340a - 1?
-23913410
In base 15, what is 3e - -3a5b55?
3a5b94
In base 12, what is -30 + 10452b74?
10452b44
In base 10, what is 324 - -3257?
3581
In base 6, what is 253 - 33521022?
-33520325
In base 12, what is a728 + -2a0?
a448
In base 12, what is -8a57b53 - -23?
-8a57b30
In base 14, what is 9 + -1361524?
-1361519
In base 7, what is 31226156 + 5?
31226164
In base 3, what is 2012022021 - -1000022001?
10012121022
In base 6, what is 141224 - 2443?
134341
In base 10, what is 11591659 + -85?
11591574
In base 10, what is -5 - -1494223?
1494218
In base 10, what is -225670012 - 1?
-225670013
In base 13, what is 15 + 116082?
116097
In base 6, what is -401531 + 2102?
-355425
In base 5, what is 0 - 23441424440?
-23441424440
In base 16, what is -634 - 26f?
-8a3
In base 13, what is -781cb - -35?
-78196
In base 13, what is 58cc7 - 124?
58ba3
In base 2, what is 11000011100010010111010010 + -1?
11000011100010010111010001
In base 11, what is 7 - -283a14?
283a20
In base 13, what is -58b2c - 293?
-590c2
In base 12, what is a + 72003?
72011
In base 3, what is -1011222 - 10212?
-1022211
In base 12, what is -3 + -1526b51?
-1526b54
In base 8, what is 27 + -10413?
-10364
In base 6, what is 241221 - 44402?
152415
In base 5, what is 10423024441 + -3?
10423024433
In base 8, what is 2012 + 274327?
276341
In base 14, what is -363d78 + -26?
-363da0
In base 7, what is 2532 - 31404?
-25542
In base 6, what is -15551 + 4454?
-11053
In base 6, what is -104114355 + -1314?
-104120113
In base 5, what is -11204234430 + -1?
-11204234431
In base 9, what is -52016641 + -1?
-52016642
In base 6, what is 2 - -120033105?
120033111
In base 12, what is 149 + -2bab09?
-2ba980
In base 2, what is 1 - -110111111000011101100001?
110111111000011101100010
In base 8, what is 600 + 202525?
203325
In base 11, what is -6005a1 + 95?
-600507
In base 4, what is -101300 + -103132112?
-103300012
In base 6, what is -41355302351 + -5?
-41355302400
In base 8, what is -24 - 23267?
-23313
In base 11, what is -1 - -21491a40?
21491a3a
In base 11, what is 6468830 - -3?
6468833
In base 12, what is 1 - 1020216?
-1020215
In base 13, what is 0 - 635a12c?
-635a12c
In base 5, what is 4230110 - -1324?
4231434
In base 9, what is 15184111 - 0?
15184111
In base 5, what is 10001220 + 1234?
10003004
In base 9, what is -337 + -140183?
-140531
In base 7, what is 14336 + 22321?
36660
In base 10, what is 225 + 484056?
484281
In base 12, what is -17 + 31b2a96?
31b2a7b
In base 3, what is 122021102 - 10001200?
112012202
In base 13, what is -7 - 18ba8336?
-18ba8340
In base 3, what is -1210121102110 - -12022?
-1210121020011
In base 11, what is -7 + 2a7875?
2a7869
In base 8, what is -6113 - 16125?
-24240
In base 9, what is 1603803 + 1?
1603804
In base 11, what is -9 - 45a8586?
-45a8594
In base 15, what is -a4 - -d952b?
d9477
In base 5, what is 224 + -1121310?
-1121031
In base 2, what is -101010111101 + -1101011110001011?
-1110001001001000
In base 15, what is -1794d77 + -3?
-1794d7a
In base 3, what is 100020200 - -111000?
100201200
In base 10, what is 203601 + -195?
203406
In base 7, what is 3265 + -1331045?
-1324450
In base 14, what is cbdc8 + 8?
cbdd2
In base 16, what is 67 + 2bc456?
2bc4bd
In base 6, what is 34 + 2015414250?
2015414324
In base 7, what is -11136 + -160536?
-202005
In base 15, what is 448d + 74e?
4bdc
In base 9, what is -222432 - 333?
-222765
In base 8, what is 2 + 57564753?
57564755
In base 11, what is -85 + 4067?
3a92
In base 14, what is 5425dc + -77?
542565
In base 7, what is 23